{"id":9879,"date":"2024-03-12T18:44:24","date_gmt":"2024-03-12T18:44:24","guid":{"rendered":"https:\/\/www.prenovaglobal.com\/?page_id=9879"},"modified":"2024-03-12T19:05:03","modified_gmt":"2024-03-12T19:05:03","slug":"quem-somos","status":"publish","type":"page","link":"https:\/\/www.prenovaglobal.com\/?page_id=9879&lang=pt","title":{"rendered":"Quem somos"},"content":{"rendered":"\t\t<div data-elementor-type=\"wp-post\" data-elementor-id=\"9879\" class=\"elementor elementor-9879\">\n\t\t\t\t<div class=\"elementor-element elementor-element-7a51726 e-flex e-con-boxed e-con e-parent\" data-id=\"7a51726\" data-element_type=\"container\" data-e-type=\"container\">\n\t\t\t\t\t<div class=\"e-con-inner\">\n\t\t\t\t<div class=\"elementor-element elementor-element-4b3c0dd elementor-widget elementor-widget-image\" data-id=\"4b3c0dd\" data-element_type=\"widget\" data-e-type=\"widget\" data-widget_type=\"image.default\">\n\t\t\t\t<div class=\"elementor-widget-container\">\n\t\t\t\t\t\t\t\t\t\t\t\t\t\t\t<img fetchpriority=\"high\" decoding=\"async\" width=\"950\" height=\"315\" src=\"https:\/\/www.prenovaglobal.com\/wp-content\/uploads\/2024\/02\/prenova-inicio-proyectos-1.webp\" class=\"attachment-large size-large wp-image-9713\" alt=\"\" srcset=\"https:\/\/www.prenovaglobal.com\/wp-content\/uploads\/2024\/02\/prenova-inicio-proyectos-1.webp 1024w, https:\/\/www.prenovaglobal.com\/wp-content\/uploads\/2024\/02\/prenova-inicio-proyectos-1-300x100.webp 300w\" sizes=\"100vw\" \/>\t\t\t\t\t\t\t\t\t\t\t\t\t\t\t<\/div>\n\t\t\t\t<\/div>\n\t\t\t\t\t<\/div>\n\t\t\t\t<\/div>\n\t\t<div class=\"elementor-element elementor-element-c778183 e-flex e-con-boxed e-con e-parent\" data-id=\"c778183\" data-element_type=\"container\" data-e-type=\"container\">\n\t\t\t\t\t<div class=\"e-con-inner\">\n\t\t\t\t<div class=\"elementor-element elementor-element-c918fc8 elementor-widget__width-initial elementor-widget-mobile__width-initial elementor-widget elementor-widget-text-editor\" data-id=\"c918fc8\" data-element_type=\"widget\" data-e-type=\"widget\" data-widget_type=\"text-editor.default\">\n\t\t\t\t<div class=\"elementor-widget-container\">\n\t\t\t\t\t\t\t\t\t<h2><span style=\"color: #005239;\">Origem<\/span><\/h2><p><strong>Ricardo Levinton<\/strong>, um arquiteto argentino, dedicou\u00a0<strong>40 anos de sua vida<\/strong>\u00a0a estudar os sistemas estruturais da natureza. Ele ficava fascinado com a estrutura e a composi\u00e7\u00e3o dos esqueletos e ossos, que possuem ar em seu interior. Ap\u00f3s uma longa pesquisa, ele conseguiu reproduzi-los em\u00a0concreto\u00a0e adapt\u00e1-los \u00e0 constru\u00e7\u00e3o moderna.<\/p><p>Assim nasceu a\u00a0<strong>PRENOVA<\/strong>, <em>uma empresa baseada em tecnologia e inova\u00e7\u00e3o aplicadas \u00e0 arquitetura.<\/em> Sua miss\u00e3o \u00e9 projetar e construir estruturas sem vigas, leves e sustent\u00e1veis.<\/p><p>Atualmente, mais de\u00a0<strong>1.000.000 de metros quadrados sustent\u00e1veis<\/strong>\u00a0foram desenvolvidos e mais de\u00a0<strong>10.000.000 de discos e esferas de pl\u00e1stico reciclado<\/strong>\u00a0foram produzidos.<\/p>\t\t\t\t\t\t\t\t<\/div>\n\t\t\t\t<\/div>\n\t\t<div class=\"elementor-element elementor-element-58b0d46 e-con-full e-flex e-con e-child\" data-id=\"58b0d46\" data-element_type=\"container\" data-e-type=\"container\">\n\t\t\t\t<div class=\"elementor-element elementor-element-929af98 elementor-widget elementor-widget-image\" data-id=\"929af98\" data-element_type=\"widget\" data-e-type=\"widget\" data-widget_type=\"image.default\">\n\t\t\t\t<div class=\"elementor-widget-container\">\n\t\t\t\t\t\t\t\t\t\t\t\t\t\t\t<img decoding=\"async\" width=\"800\" height=\"800\" src=\"https:\/\/www.prenovaglobal.com\/wp-content\/uploads\/2024\/02\/prenova-ricardo-levinton.webp\" class=\"attachment-large size-large wp-image-9714\" alt=\"Ricardo Levinton, director de Prenova\" srcset=\"https:\/\/www.prenovaglobal.com\/wp-content\/uploads\/2024\/02\/prenova-ricardo-levinton.webp 800w, https:\/\/www.prenovaglobal.com\/wp-content\/uploads\/2024\/02\/prenova-ricardo-levinton-300x300.webp 300w, https:\/\/www.prenovaglobal.com\/wp-content\/uploads\/2024\/02\/prenova-ricardo-levinton-150x150.webp 150w\" sizes=\"100vw\" \/>\t\t\t\t\t\t\t\t\t\t\t\t\t\t\t<\/div>\n\t\t\t\t<\/div>\n\t\t\t\t<\/div>\n\t\t\t\t\t<\/div>\n\t\t\t\t<\/div>\n\t\t<div class=\"elementor-element elementor-element-8c60aba e-flex e-con-boxed e-con e-parent\" data-id=\"8c60aba\" data-element_type=\"container\" data-e-type=\"container\">\n\t\t\t\t\t<div class=\"e-con-inner\">\n\t\t\t\t<div class=\"elementor-element elementor-element-f9b53c4 elementor-widget__width-inherit elementor-arrows-position-inside elementor-pagination-position-outside elementor-widget elementor-widget-image-carousel\" data-id=\"f9b53c4\" data-element_type=\"widget\" data-e-type=\"widget\" data-settings=\"{&quot;navigation&quot;:&quot;both&quot;,&quot;autoplay&quot;:&quot;yes&quot;,&quot;pause_on_hover&quot;:&quot;yes&quot;,&quot;pause_on_interaction&quot;:&quot;yes&quot;,&quot;autoplay_speed&quot;:5000,&quot;infinite&quot;:&quot;yes&quot;,&quot;speed&quot;:500}\" data-widget_type=\"image-carousel.default\">\n\t\t\t\t<div class=\"elementor-widget-container\">\n\t\t\t\t\t\t\t<div class=\"elementor-image-carousel-wrapper swiper\" role=\"region\" aria-roledescription=\"carousel\" aria-label=\"Carrossel de imagens\" dir=\"ltr\">\n\t\t\t<div class=\"elementor-image-carousel swiper-wrapper\" aria-live=\"off\">\n\t\t\t\t\t\t\t\t<div class=\"swiper-slide\" role=\"group\" aria-roledescription=\"slide\" aria-label=\"1 de 7\"><a data-elementor-open-lightbox=\"yes\" data-elementor-lightbox-slideshow=\"f9b53c4\" data-elementor-lightbox-title=\"Aeropuerto Zvartnots | Primer proyecto utilizando el sistema de Losas sin vigas alivianadas con discos o esferas\" data-e-action-hash=\"#elementor-action%3Aaction%3Dlightbox%26settings%3DeyJpZCI6OTcxNywidXJsIjoiaHR0cHM6XC9cL3d3dy5wcmVub3ZhZ2xvYmFsLmNvbVwvd3AtY29udGVudFwvdXBsb2Fkc1wvMjAyNFwvMDJcL1BSRU5PVkEtbm9zb3Ryb3MtMy53ZWJwIiwic2xpZGVzaG93IjoiZjliNTNjNCJ9\" href=\"https:\/\/www.prenovaglobal.com\/wp-content\/uploads\/2024\/02\/PRENOVA-nosotros-3.webp\"><figure class=\"swiper-slide-inner\"><img decoding=\"async\" class=\"swiper-slide-image\" src=\"https:\/\/www.prenovaglobal.com\/wp-content\/uploads\/2024\/02\/PRENOVA-nosotros-3.webp\" alt=\"Aeropuerto Zvartnots | Primer proyecto utilizando el sistema de Losas sin vigas alivianadas con discos o esferas\" \/><\/figure><\/a><\/div><div class=\"swiper-slide\" role=\"group\" aria-roledescription=\"slide\" aria-label=\"2 de 7\"><a data-elementor-open-lightbox=\"yes\" data-elementor-lightbox-slideshow=\"f9b53c4\" data-elementor-lightbox-title=\"Aeropuerto Zvartnots | Primer proyecto utilizando el sistema de Losas sin vigas alivianadas con discos o esferas\" data-e-action-hash=\"#elementor-action%3Aaction%3Dlightbox%26settings%3DeyJpZCI6OTcxNiwidXJsIjoiaHR0cHM6XC9cL3d3dy5wcmVub3ZhZ2xvYmFsLmNvbVwvd3AtY29udGVudFwvdXBsb2Fkc1wvMjAyNFwvMDJcL1BSRU5PVkEtbm9zb3Ryb3MtMi53ZWJwIiwic2xpZGVzaG93IjoiZjliNTNjNCJ9\" href=\"https:\/\/www.prenovaglobal.com\/wp-content\/uploads\/2024\/02\/PRENOVA-nosotros-2.webp\"><figure class=\"swiper-slide-inner\"><img decoding=\"async\" class=\"swiper-slide-image\" src=\"https:\/\/www.prenovaglobal.com\/wp-content\/uploads\/2024\/02\/PRENOVA-nosotros-2.webp\" alt=\"Aeropuerto Zvartnots | Primer proyecto utilizando el sistema de Losas sin vigas alivianadas con discos o esferas\" \/><\/figure><\/a><\/div><div class=\"swiper-slide\" role=\"group\" aria-roledescription=\"slide\" aria-label=\"3 de 7\"><a data-elementor-open-lightbox=\"yes\" data-elementor-lightbox-slideshow=\"f9b53c4\" data-elementor-lightbox-title=\"Aeropuerto Zvartnots | Primer proyecto utilizando el sistema de Losas sin vigas alivianadas con discos o esferas\" data-e-action-hash=\"#elementor-action%3Aaction%3Dlightbox%26settings%3DeyJpZCI6OTcxOCwidXJsIjoiaHR0cHM6XC9cL3d3dy5wcmVub3ZhZ2xvYmFsLmNvbVwvd3AtY29udGVudFwvdXBsb2Fkc1wvMjAyNFwvMDJcL1BSRU5PVkEtbm9zb3Ryb3MtNC53ZWJwIiwic2xpZGVzaG93IjoiZjliNTNjNCJ9\" href=\"https:\/\/www.prenovaglobal.com\/wp-content\/uploads\/2024\/02\/PRENOVA-nosotros-4.webp\"><figure class=\"swiper-slide-inner\"><img decoding=\"async\" class=\"swiper-slide-image\" src=\"https:\/\/www.prenovaglobal.com\/wp-content\/uploads\/2024\/02\/PRENOVA-nosotros-4.webp\" alt=\"Aeropuerto Zvartnots | Primer proyecto utilizando el sistema de Losas sin vigas alivianadas con discos o esferas\" \/><\/figure><\/a><\/div><div class=\"swiper-slide\" role=\"group\" aria-roledescription=\"slide\" aria-label=\"4 de 7\"><a data-elementor-open-lightbox=\"yes\" data-elementor-lightbox-slideshow=\"f9b53c4\" data-elementor-lightbox-title=\"Ricardo Levinton, director de Prenova\" data-e-action-hash=\"#elementor-action%3Aaction%3Dlightbox%26settings%3DeyJpZCI6OTcyMCwidXJsIjoiaHR0cHM6XC9cL3d3dy5wcmVub3ZhZ2xvYmFsLmNvbVwvd3AtY29udGVudFwvdXBsb2Fkc1wvMjAyNFwvMDJcL1BSRU5PVkEtbm9zb3Ryb3MtNi53ZWJwIiwic2xpZGVzaG93IjoiZjliNTNjNCJ9\" href=\"https:\/\/www.prenovaglobal.com\/wp-content\/uploads\/2024\/02\/PRENOVA-nosotros-6.webp\"><figure class=\"swiper-slide-inner\"><img decoding=\"async\" class=\"swiper-slide-image\" src=\"https:\/\/www.prenovaglobal.com\/wp-content\/uploads\/2024\/02\/PRENOVA-nosotros-6.webp\" alt=\"Ricardo Levinton, director de Prenova\" \/><\/figure><\/a><\/div><div class=\"swiper-slide\" role=\"group\" aria-roledescription=\"slide\" aria-label=\"5 de 7\"><a data-elementor-open-lightbox=\"yes\" data-elementor-lightbox-slideshow=\"f9b53c4\" data-elementor-lightbox-title=\"Ricardo Levinton, Luciana Levinton y Oscar Niemeyer\" data-e-action-hash=\"#elementor-action%3Aaction%3Dlightbox%26settings%3DeyJpZCI6OTcyMSwidXJsIjoiaHR0cHM6XC9cL3d3dy5wcmVub3ZhZ2xvYmFsLmNvbVwvd3AtY29udGVudFwvdXBsb2Fkc1wvMjAyNFwvMDJcL1BSRU5PVkEtbm9zb3Ryb3MtNy53ZWJwIiwic2xpZGVzaG93IjoiZjliNTNjNCJ9\" href=\"https:\/\/www.prenovaglobal.com\/wp-content\/uploads\/2024\/02\/PRENOVA-nosotros-7.webp\"><figure class=\"swiper-slide-inner\"><img decoding=\"async\" class=\"swiper-slide-image\" src=\"https:\/\/www.prenovaglobal.com\/wp-content\/uploads\/2024\/02\/PRENOVA-nosotros-7.webp\" alt=\"Ricardo Levinton, Luciana Levinton y Oscar Niemeyer\" \/><\/figure><\/a><\/div><div class=\"swiper-slide\" role=\"group\" aria-roledescription=\"slide\" aria-label=\"6 de 7\"><a data-elementor-open-lightbox=\"yes\" data-elementor-lightbox-slideshow=\"f9b53c4\" data-elementor-lightbox-title=\"Ricardo Levinton y Diego S\u00e1ez exponiendo en INNOVAR (Argentina, 2022)\" data-e-action-hash=\"#elementor-action%3Aaction%3Dlightbox%26settings%3DeyJpZCI6OTcxOSwidXJsIjoiaHR0cHM6XC9cL3d3dy5wcmVub3ZhZ2xvYmFsLmNvbVwvd3AtY29udGVudFwvdXBsb2Fkc1wvMjAyNFwvMDJcL1BSRU5PVkEtbm9zb3Ryb3MtNS53ZWJwIiwic2xpZGVzaG93IjoiZjliNTNjNCJ9\" href=\"https:\/\/www.prenovaglobal.com\/wp-content\/uploads\/2024\/02\/PRENOVA-nosotros-5.webp\"><figure class=\"swiper-slide-inner\"><img decoding=\"async\" class=\"swiper-slide-image\" src=\"https:\/\/www.prenovaglobal.com\/wp-content\/uploads\/2024\/02\/PRENOVA-nosotros-5.webp\" alt=\"Ricardo Levinton y Diego S\u00e1ez exponiendo en INNOVAR (Argentina, 2022)\" \/><\/figure><\/a><\/div><div class=\"swiper-slide\" role=\"group\" aria-roledescription=\"slide\" aria-label=\"7 de 7\"><a data-elementor-open-lightbox=\"yes\" data-elementor-lightbox-slideshow=\"f9b53c4\" data-elementor-lightbox-title=\"Ricardo Levinton y Carolina Levinton exponiendo en Feria Construmat (Espa\u00f1a, 2023)\" data-e-action-hash=\"#elementor-action%3Aaction%3Dlightbox%26settings%3DeyJpZCI6OTcxNSwidXJsIjoiaHR0cHM6XC9cL3d3dy5wcmVub3ZhZ2xvYmFsLmNvbVwvd3AtY29udGVudFwvdXBsb2Fkc1wvMjAyNFwvMDJcL1BSRU5PVkEtbm9zb3Ryb3MtMS53ZWJwIiwic2xpZGVzaG93IjoiZjliNTNjNCJ9\" href=\"https:\/\/www.prenovaglobal.com\/wp-content\/uploads\/2024\/02\/PRENOVA-nosotros-1.webp\"><figure class=\"swiper-slide-inner\"><img decoding=\"async\" class=\"swiper-slide-image\" src=\"https:\/\/www.prenovaglobal.com\/wp-content\/uploads\/2024\/02\/PRENOVA-nosotros-1.webp\" alt=\"Ricardo Levinton y Carolina Levinton exponiendo en Feria Construmat (Espa\u00f1a, 2023)\" \/><\/figure><\/a><\/div>\t\t\t<\/div>\n\t\t\t\t\t\t\t\t\t\t\t\t<div class=\"elementor-swiper-button elementor-swiper-button-prev\" role=\"button\" tabindex=\"0\">\n\t\t\t\t\t\t<svg aria-hidden=\"true\" class=\"e-font-icon-svg e-eicon-chevron-left\" viewBox=\"0 0 1000 1000\" xmlns=\"http:\/\/www.w3.org\/2000\/svg\"><path d=\"M646 125C629 125 613 133 604 142L308 442C296 454 292 471 292 487 292 504 296 521 308 533L604 854C617 867 629 875 646 875 663 875 679 871 692 858 704 846 713 829 713 812 713 796 708 779 692 767L438 487 692 225C700 217 708 204 708 187 708 171 704 154 692 142 675 129 663 125 646 125Z\"><\/path><\/svg>\t\t\t\t\t<\/div>\n\t\t\t\t\t<div class=\"elementor-swiper-button elementor-swiper-button-next\" role=\"button\" tabindex=\"0\">\n\t\t\t\t\t\t<svg aria-hidden=\"true\" class=\"e-font-icon-svg e-eicon-chevron-right\" viewBox=\"0 0 1000 1000\" xmlns=\"http:\/\/www.w3.org\/2000\/svg\"><path d=\"M696 533C708 521 713 504 713 487 713 471 708 454 696 446L400 146C388 133 375 125 354 125 338 125 325 129 313 142 300 154 292 171 292 187 292 204 296 221 308 233L563 492 304 771C292 783 288 800 288 817 288 833 296 850 308 863 321 871 338 875 354 875 371 875 388 867 400 854L696 533Z\"><\/path><\/svg>\t\t\t\t\t<\/div>\n\t\t\t\t\n\t\t\t\t\t\t\t\t\t<div class=\"swiper-pagination\"><\/div>\n\t\t\t\t\t\t\t\t\t<\/div>\n\t\t\t\t\t\t<\/div>\n\t\t\t\t<\/div>\n\t\t\t\t\t<\/div>\n\t\t\t\t<\/div>\n\t\t\t\t<\/div>\n\t\t","protected":false},"excerpt":{"rendered":"<p>Origem Ricardo Levinton, um arquiteto argentino, dedicou\u00a040 anos de sua vida\u00a0a estudar os sistemas estruturais da natureza. Ele ficava fascinado com a estrutura e a composi\u00e7\u00e3o dos esqueletos e ossos, que possuem ar em seu interior. Ap\u00f3s uma longa pesquisa, ele conseguiu reproduzi-los em\u00a0concreto\u00a0e adapt\u00e1-los \u00e0 constru\u00e7\u00e3o moderna. Assim nasceu a\u00a0PRENOVA, uma empresa baseada em &hellip; <\/p>\n<p class=\"link-more\"><a href=\"https:\/\/www.prenovaglobal.com\/?page_id=9879&#038;lang=pt\" class=\"more-link\">Read more<span class=\"screen-reader-text\"> &#8220;Quem somos&#8221;<\/span><\/a><\/p>\n","protected":false},"author":2,"featured_media":0,"parent":0,"menu_order":0,"comment_status":"closed","ping_status":"closed","template":"","meta":{"_monsterinsights_skip_tracking":false,"_monsterinsights_sitenote_active":false,"_monsterinsights_sitenote_note":"","_monsterinsights_sitenote_category":0,"inspiro_hide_title":false,"footnotes":""},"class_list":["post-9879","page","type-page","status-publish","hentry"],"aioseo_notices":[],"_links":{"self":[{"href":"https:\/\/www.prenovaglobal.com\/index.php?rest_route=\/wp\/v2\/pages\/9879","targetHints":{"allow":["GET"]}}],"collection":[{"href":"https:\/\/www.prenovaglobal.com\/index.php?rest_route=\/wp\/v2\/pages"}],"about":[{"href":"https:\/\/www.prenovaglobal.com\/index.php?rest_route=\/wp\/v2\/types\/page"}],"author":[{"embeddable":true,"href":"https:\/\/www.prenovaglobal.com\/index.php?rest_route=\/wp\/v2\/users\/2"}],"replies":[{"embeddable":true,"href":"https:\/\/www.prenovaglobal.com\/index.php?rest_route=%2Fwp%2Fv2%2Fcomments&post=9879"}],"version-history":[{"count":5,"href":"https:\/\/www.prenovaglobal.com\/index.php?rest_route=\/wp\/v2\/pages\/9879\/revisions"}],"predecessor-version":[{"id":9885,"href":"https:\/\/www.prenovaglobal.com\/index.php?rest_route=\/wp\/v2\/pages\/9879\/revisions\/9885"}],"wp:attachment":[{"href":"https:\/\/www.prenovaglobal.com\/index.php?rest_route=%2Fwp%2Fv2%2Fmedia&parent=9879"}],"curies":[{"name":"wp","href":"https:\/\/api.w.org\/{rel}","templated":true}]}}